4
Calculate 46 - (-96 + 32) - ((2 - -1) + 9 + -8).
106
Calculate -15 - ((82 - 26) + -127).
56
What is the value of -44 + (-9 + (36 - 14) - 3) + -12?
-46
Evaluate -5 - ((33 + -36 - (5 + 0)) + (-33 - -52)).
-16
Evaluate (3 + 32 - 49) + 16.
2
What is the value of -3 + (8 + -4 - 80) - (991 + -988)?
-82
Evaluate 4 + 31 + (14 - (15 + -8 - (-5 - -2))).
39
151 - (20 + -2 - (-7 - -11)) - -3
140
Calculate -46 - (192 + -177 + -8 + 0 + -3).
-50
Evaluate (61 + (-62 - -30) - 32) + 0 + 0 + 56.
53
Calculate -111 + 110 - (-6 - 0) - (53 - 46) - -55.
53
What is the value of 2 + 52 + (-32 - (1 + (17 - 28)))?
32
What is -78 + (-14 - 57) + 76?
-73
What is 19 + (-35 - (-43 + 14)) + (-2 - -56)?
67
What is the value of (125 - 106) + -16 - (-1 - 16)?
20
What is the value of (-27 + 19 - 4) + -14 + 12 + 23?
9
What is (1 - -9) + -33 + (10 - -9) + 13?
9
-12 + 0 - (190 + -216) - -46
60
What is (-2999 - -3022) + -3 + 61?
81
What is 42 + (31 - -1) + 1520 + -1532?
62
What is (7 - (138 - 68 - (9 - 2))) + -5?
-61
What is the value of -20 + (-7 - 50 - -39)?
-38
13 - 11 - (-17 + -3 + 25 + -9)
6
Evaluate (17 - (-36 - 3 - -53)) + -62.
-59
-27 + 28 - (-10 - ((65 - 3) + 10 + 5))
88
Evaluate 5 + -5 - -7 - (-60 + (7 + -3 - -4)).
59
What is 29 - (-3 - ((-16 - -14) + 17))?
47
Evaluate -9 + (-6 - -11) + (25 - 9) + (0 - 0).
12
What is (27 - (-24 + (-2 - 37))) + -5?
85
What is -1 + 9 + -7 + 50 + -34?
17
992 + -995 - ((1 - 4) + (-38 - 0))
38
What is -112 + -46 + 155 + -143?
-146
(-1 + 61 - (1025 + -991)) + -129
-103
Calculate 34 - 41 - 51 - -72.
14
(-1 - -8) + 17 + (-12 - (34 - 15))
-7
Calculate -62 + 4 + -34 + 19 - (-8 + -7 + 5).
-63
(34 - 28) + 16 + -25 - (-1 - (2 - 1))
-1
Evaluate -11 + -1 + (-932 - -943) + 2 + 13.
14
Evaluate (-103 - -100) + -24 + 70 + 1.
44
What is the value of (-2 - 0) + (-44 - (92 + -62))?
-76
What is the value of 57 - (36 + 7 + (-16 - 6))?
36
What is 56 + 40 + -84 + -81?
-69
Calculate (16 - -171) + -222 + (-1 - (-1 + 3 + 0)).
-38
28 + 75 + -109 + 146
140
1 + -11 - 10 - (-49 + 39)
-10
What is the value of -3 - -15 - ((-22 - 9) + -1 + 4)?
40
-12 - -13 - -17 - (-1 + (4 - 1) - 0)
16
What is 5 + (23 - 80 - -103)?
51
-28 + 41 + (-5 + 1 - 8 - 2)
-1
Calculate 74 - 27 - (131 + -48).
-36
What is the value of 42 + (26 - 24) - 3?
41
-2 + (1 - 5) + (39 - 40) + 2
-5
Evaluate -6 + -3 - (-494 + 532).
-47
Calculate (-17 - -2) + (-22 - -5 - -107).
75
What is the value of 24 + 0 - (-7 - -7 - (-2 - 33))?
-11
Calculate -5 + 0 - (-2731 - -2776 - ((2 - 4) + 7)).
-45
(8 + 6 - 2) + -26 + 21 + -15
-8
Evaluate 38 + 2 + -293 + 261 - (-1 - -15 - -1).
-7
What is (-14 - (-2 + -8)) + (-3 + (28 - -4) - 11)?
14
-1 + (45 - 40) + 12
16
What is 101 - 32 - (0 + -1 + (-5 - -1))?
74
What is the value of -8 + 2 + (107 - ((0 - 15) + -899 + 894))?
121
What is 77 + (76 - 54) + -61?
38
What is the value of (1 - 4) + 5 + (2 - 13)?
-9
Evaluate 16 + -1 - (8 + -22) - 32.
-3
Calculate 55 - (-1 - (14 - 1 - 8)) - -3.
64
Evaluate (-3 - 32) + (11 - (11 + 3)).
-38
Evaluate (-43 - 3) + -216 + 232 - -11.
-19
-89 - 0 - (-32 - (-14 - 27))
-98
What is (162 - -40) + -135 - -5?
72
What is the value of -19 + 57 + -56 - (5 + -2 - 44)?
23
Evaluate 51 + -5 + (-8 - (3 - (-14 + 27))) - 11.
37
Calculate 2 + -14 + (-469 - -431).
-50
-49 + 49 + 16 - (12 - 0) - (7 + 1)
-4
What is the value of (-12536 - -12527) + (1 - 24 - 1)?
-33
What is the value of 24 + -32 - -18 - -2?
12
Calculate (70 - (136 + -81)) + -3.
12
-133 + 1 - ((-49 - (5 - 15)) + 15)
-108
What is -86 + 21 + (1 - (3 - 2)) - -23?
-42
What is the value of (-52 - (-92 - -20)) + -61?
-41
(16 - 68) + (-4 - -37)
-19
What is the value of -82 - (-60 + 7 + -3)?
-26
Evaluate (11 - -78) + -72 + 1 + 13.
31
Calculate 1 - -28 - (19013 + -19107).
123
Evaluate 4 - -64 - -17 - 156.
-71
What is -58 + -1 - (-413 + 333)?
21
-45 - ((-33 - 32) + 5)
15
Calculate -13 - 12 - -60 - (6 - 9 - -4).
34
Calculate (1201 - 1239) + -15 + -2.
-55
6 + 3 + -16 + -16 + 7
-16
What is (37 - 12 - (-2 + -7)) + -18?
16
What is (2 - 8) + (67 + (104 - 64) - -17)?
118
-122 + -2 - (12 + -25 + 23 + (-4 - 15))
-115
What is the value of (-1 - 157) + (-27952 - -28060)?
-50
What is 1 + (-1 + 15 + -12 - -13 - -70)?
86
Evaluate (18 - -13 - 94) + 22 - (-6 - -4).
-39
Evaluate -18 + -8 + 11 + -51 + 17.
-49
Calculate -84 + -45 + 60 + 30 - 42.
-81
What is the value of (-30 - ((-38 - -36) + (1 - 5))) + 15?
-9
Calculate -533 - -554 - (-4 - 23).
48
Evaluate 11 - (21 + 80 + -16) - -8.
-66
Calculate 26 - 22 - (3 - -106 - 3) - (-145 + 148).
-105
-12 - 1 - ((-4 - -8) + -74 + 51 + 5)
1
What is 278 - 263 - (-19 + 13 + 31 + -3)?
-7
Calculate 7 - ((34 - 43) + -7 - (-57 + 0)).
-34
What is -36 + (14 - -9) + -50?
-63
Calculate 75 + -43 + 11 + -2.
41
Calculate 39 + 0 - (72 - (131 - 77)).
21
What is (-28 - (-21 - -14)) + ((3 - -6) + -3 - 1)?
-16
What is the value of -77 - (-57 - 58) - (2 + 4 + 0 + 3)?
29
Evaluate ((126 - -1) + -181 + 170 + -11 - -11) + 5.
121
-2 + 103 + -15 + 44 + -4 + -3
123
Evaluate (-13 - -8) + -35 - (3 + (-18 - -15)).
-40
What is (-35 - (-265 - -145)) + -5 + 4 + (-1 - -2)?
85
What is the value of (-49 - -33) + 65 + 1?
50
-35 + (-1 - -5) + (172 - 177) - -13
-23
What is the value of -9 + 19 + -13 - (-4 - (9 - 7)) - 25?
-22
What is (-21 - (5 - 13)) + -77 + (-71 - -71)?
-90
What is the value of -66 + (61 - 116 - -60) - (17 - 0)?
-78
What is the value of (283 - 287) + 53 + -8?
41
Calculate 114 + -53 - (1 - (0 - 21)).
39
Calculate -2 + 0 + 17 - (56 + -17 + 29).
-53
What is 27 + -37 + 120 - 60?
50
Evaluate (0 - -1) + -5 + (37 - (23 + -5)).
15
Calculate 888 - 830 - (-45 + -5).
108
Calculate (18 - (3 + (-60 - -9))) + -1 + 3.
68
(-4 - 6) + (28 - 42) + -1 + 27 - -70
72
What is the value of 2 + 88 - (2 + 14 + (175 - 176))?
75
Evaluate -6 + (-3 + 9 - -7) - (-5 + 10 - 7).
9
What is (-20 - -129) + (28 - 63 - -35)?
109
Evaluate (-96 - (13 + -5 + -18 + -11 + 13)) + 5.
-83
164 - ((-75 - -118) + 63)
58
What is (-13 + -36 - -73) + -50?
-26
-30 + (78 - 23) + 8
33
Evaluate -1 + -36 - (-91 + 50).
4
What is the value of -16 - (-96 - -34) - -66?
112
-657 + 634 + (94 - (4 + -7))
74
Evaluate 34 + 4 + -31 + -11 - (10 + 1).
-15
Calculate 0 - 0 - (87 - (-30 - -64) - 20).
-33
What is the value of -15 - -1 - (9 - (-39 - -105)) - -17?
60
(-16 - (-5 - (1 - -3)) - -2) + -1 + 75
69
What is the value of (-10 - -1) + (-31 - -18 - (-5 + (-12 - -4)))?
-9
Calculate (-2264 - -2261) + (0 - -3 - (-2 - (-56 + 2))).
-52
7 + 3 - (-11 + -13 + 33 + -11)
12
(16 - 5) + -10 + -1 + (54 - -1) + -4
51
Calculate (1 - 2 - (-78 + 86)) + (-3 + -48 - -4).
-56
Evaluate 1 + -17 + (-109 - (-36 - 28)).
-61
What is 49 - (12 + 37) - (2 + 0 + 7)?
-9
What is (75 - 78) + (40 - -1) + (-81 - -86)?
43
Calculate 36 + 24 + -47 - (3 + 27).
-17
8 + (-4 + -19 - -43) + -55
-27
What is 5 - 1 - (-3 - (108 - 202))?
-87
Calculate -21 + 8 - -2 - (7 + -1).
-17
-1 + 20 + (-17 - (0 + (6 - (-7 - -20))))
9
Calculate (39 - (49 + 1)) + -1 + -30.
-42
Evaluate -45 + -1 + (2 - 0) + 8.
-36
What is the value of -7 + 1 + (4 - -4) + 12 + 21 + -141?
-106
What is the value of 6 - 60 - (-363 - -286)?
23
What is 32 + (-18 - (-10 + 18)) - -25?
31
(-33 - 2) + 38 - 72 - -6
-63
What is the value of (-79 - 39) + 157 + 4?
43
What is -1 + 1 + 66 + (16133 - 16149)?
50
Evaluate (722 - 738) + -4 + -1 + -2.
-23
What is -1071 + 1048 + (0 - 4) + 12?
-15
(-57 - ((2 - 7) + -7)) + 3
-42
(-795 - -805) + -2 + -13 + 1 + -3
-7
What is the value of 7 + 5 + -16 + -8 + -12?
-24
Evaluate ((11 - (8 - 15)) + -6 - -89) + (-3 - 5).
93
Evaluate 7 - (3 + 9 + -9 + -33 + -9).
46
What is the value of -101 - (-123 + 81 - 43)?
-16
Evaluate (38 + 6 - (-168 + 160)) + 24.
76
What is the value of 11 + (-49 - 28) + (-4 - (14 - 4))?
-80
What is the value of (20 - 67) + (13 - (32 + -29))?
-37
Evaluate 1 + (6 - -4) - (77 + -63).
-3
Calculate -59 - -125 - 120 - -19.
-35
(0 - (-5 - -47)) + 113 + -126
-55
(-51 - (21 + -10 + -11)) + (0 - 1 - 1)
-53
What is 15 + -12 + 3 + (-89 - -52) + 7 + -1?
-25
17 + 0 + -16 - 3 - (-16 - 7)
21
What is the value of 82 + -1 + -8 + -5 + -7 + 3 + 15?
79
-5 - ((-5 - 0 - (-307 + 295)) + (-77 - 0))
65
Evaluate -15 + (-30 - -34) + 104 - (1 + 17).
75
What is the value of -142 + 128 - ((-2 - -14) + -12 - (-1 + -101))?
-116
Evaluate -19 - -2 - -1 - (640 + -735) - 15.
64
Calculate (792 - 821) + (-1 - 0 - 6).
-36
10 + (18 - 49 - 33)
-54
55 - ((-10 -